98089 a prime number?
False
Is 1051056233 prime?
True
Is 24172543 composite?
False
Is 297046531 prime?
True
Is 315937 composite?
False
Is 54295583 prime?
True
Is 2933153 composite?
True
Is 287259943 a composite number?
False
Is 20007805 prime?
False
Is 11610649 a prime number?
True
Is 15370951 a prime number?
False
Is 6343537 prime?
True
Is 2120297 composite?
False
Is 3646177 composite?
True
Is 519041 a composite number?
True
Is 1055839 a prime number?
True
Is 56625901 prime?
True
Is 121002067 prime?
False
Is 1205444263 prime?
True
Is 120503 a composite number?
False
Is 17341867 composite?
True
Is 604158491 composite?
False
Is 61771291 composite?
False
Is 1344803 a prime number?
False
Is 53716939 prime?
True
Is 661183 prime?
True
Is 597436718 composite?
True
Is 34491943 prime?
True
Is 4786559 a prime number?
True
Is 9784043 a composite number?
True
Is 22598767 composite?
False
Is 455149 a prime number?
True
Is 448057 prime?
True
Is 9546703 prime?
False
Is 22856809 composite?
True
Is 2958503 composite?
False
Is 366059021 a composite number?
False
Is 7012489 a composite number?
True
Is 14461757 a composite number?
False
Is 37478927 composite?
True
Is 2186773 a prime number?
True
Is 8770547 prime?
True
Is 97046107 composite?
False
Is 682287937 composite?
False
Is 20256349 prime?
True
Is 2946407 a composite number?
False
Is 605981 prime?
False
Is 568553 composite?
True
Is 4301938 a composite number?
True
Is 102000361 composite?
True
Is 20648621 a prime number?
False
Is 153398987 a composite number?
True
Is 7000267 composite?
False
Is 143491589 prime?
False
Is 31584869 composite?
False
Is 1612505 a prime number?
False
Is 12941189 prime?
True
Is 328243 a composite number?
False
Is 10263791 composite?
False
Is 116242279 composite?
False
Is 710210227 prime?
False
Is 1366489 a composite number?
True
Is 67914789 prime?
False
Is 85219 a composite number?
True
Is 263830663 composite?
False
Is 11600747 prime?
False
Is 68351 a prime number?
True
Is 5237393 a prime number?
False
Is 31350073 composite?
True
Is 1792177 prime?
True
Is 4912777 a prime number?
False
Is 12554243 a composite number?
True
Is 77896733 composite?
False
Is 810577 a composite number?
True
Is 3139447 a composite number?
False
Is 83562341 prime?
False
Is 60910205 composite?
True
Is 140254591 composite?
False
Is 193961069 a composite number?
False
Is 8693683 composite?
True
Is 586987 a prime number?
False
Is 22070735 a composite number?
True
Is 5984131 prime?
True
Is 1335457 prime?
True
Is 2422655 prime?
False
Is 446451541 a prime number?
True
Is 688927 prime?
False
Is 717229 prime?
True
Is 53722117 prime?
True
Is 21085223 a composite number?
False
Is 140170207 composite?
False
Is 6214603 composite?
True
Is 24090731 composite?
True
Is 145149 composite?
True
Is 21478983 a composite number?
True
Is 799973 a composite number?
True
Is 3562045 prime?
False
Is 3456847 a prime number?
True
Is 6589021 a prime number?
True
Is 25328141 a prime number?
True
Is 61564271 a prime number?
True
Is 62184067 prime?
False
Is 31411099 composite?
True
Is 551449 prime?
False
Is 44359279 composite?
False
Is 157878353 a prime number?
False
Is 4630177 a prime number?
True
Is 20390503 prime?
False
Is 137462309 a prime number?
True
Is 1798987 prime?
True
Is 100326233 prime?
False
Is 889217 a composite number?
True
Is 2561411 a prime number?
True
Is 2197033 a prime number?
False
Is 21711979 a composite number?
True
Is 7034143 prime?
True
Is 734979067 a composite number?
False
Is 483892663 composite?
True
Is 185697422 composite?
True
Is 3323921 composite?
False
Is 168844951 prime?
False
Is 92986127 composite?
True
Is 16311247 composite?
True
Is 26022553 composite?
False
Is 5447089 prime?
False
Is 9913159 a composite number?
True
Is 1095401 a prime number?
True
Is 810881 a composite number?
False
Is 37814797 a composite number?
False
Is 83578811 a prime number?
True
Is 186247693 composite?
False
Is 401297977 prime?
True
Is 11069501 a prime number?
False
Is 88459139 composite?
True
Is 63528859 composite?
False
Is 730682509 a prime number?
False
Is 391500727 prime?
True
Is 4181941 composite?
False
Is 14637331 a composite number?
False
Is 25942303 a prime number?
False
Is 221114307 prime?
False
Is 8641781 prime?
True
Is 9057109 a prime number?
True
Is 260455081 a prime number?
True
Is 5058941 composite?
True
Is 1566727 a prime number?
False
Is 129952859 prime?
False
Is 151159067 a composite number?
False
Is 1084646 composite?
True
Is 306083 composite?
False
Is 2378353 prime?
False
Is 7830269 prime?
True
Is 285680321 prime?
True
Is 20157 prime?
False
Is 41487 a prime number?
False
Is 218671841 composite?
True
Is 56917961 prime?
True
Is 18121921 composite?
False
Is 2895743 a prime number?
True
Is 14119799 a prime number?
True
Is 116043397 a prime number?
False
Is 4024487 a composite number?
False
Is 8859581 a composite number?
False
Is 30241219 prime?
False
Is 8930629 a composite number?
False
Is 38429147 prime?
False
Is 6096859 prime?
True
Is 182993801 a composite number?
False
Is 7119191 composite?
True
Is 488567821 a composite number?
True
Is 132019 a prime number?
True
Is 10949671 a composite number?
False
Is 94337367 prime?
False
Is 3080909 a composite number?
True
Is 89583973 prime?
False
Is 40402127 a composite number?
False
Is 1830929 prime?
False
Is 30192859 a composite number?
True
Is 34973651 a composite number?
True
Is 2294449 composite?
False
Is 515395009 a prime number?
True
Is 16961609 composite?
True
Is 5895893 composite?
False
Is 156682 a composite number?
True
Is 3240269 a prime number?
True
Is 979327 a composite number?
False
Is 251494645 prime?
False
Is 889481 a composite number?
False
Is 3846761 composite?
False
Is 7706669 a prime number?
True
Is 282511483 a prime number?
True
Is 606231089 composite?
False
Is 4109707 prime?
False
Is 667393 a prime number?
False
Is 923833 composite?
False
Is 206798 composite?
True
Is 13945073 composite?
True
Is 15916277 composite?
True
Is 6224063 composite?
False
Is 171301393 a prime number?
False
Is 18247903 composite?
False
Is 126301205 composite?
True
Is 17183774 composite?
True
Is 15175109 prime?
False
Is 55121699 composite?
False
Is 189122 a prime number?
False
Is 8634449 a composite number?
False
Is 3572467 prime?
True
Is 117000703 composite?
True
Is 7869509 a composite number?
True
Is 247790867 composite?
False
Is 17078909 a composite number?
False
Is 67608643 prime?
False
Is 2079919 composite?
False
Is 1699993 a composite number?
False
Is 2702951 a prime number?
True
Is 20524811 a prime number?
True
Is 71028407 composite?
False
Is 510829931 a composite number?
True
Is 184030097 prime?
False
Is 27636751 a composite number?
True
Is 17186321 a prime number?
True
Is 160865483 composite?
False
Is 19939273 a composite number?
False
Is 266617667 a prime number?
False
Is 4137491 a composite number?
False
Is 52166003 a prime number?
True
Is 2022565 a prime number?
False
Is 4533007 a prime number?
True
Is 176662939 prime?
False
Is 558211721 composite?
False
Is 8884297 composite?
False
Is 309314197 prime?
True
Is 181713503 composite?
False
Is 7060357 composite?
False
Is 3513871 a prime number?
False
Is 1104289 a composite number?
False
Is 3703533 composite?
True
Is 4488371 a composite number?
False
Is 60195047 prime?
False
Is 7813493 composite?
True
Is 9930169 prime?
True
Is 6256886 a prime number?
False
Is 5025169 a composite number?
True
Is 4721477 composite?
False
Is 1411559 composite?
False
Is 2230769 a prime number?
False
Is 5278655 a prime number?
False
Is 134439469 a composite number?
False
Is 7213897 a prime number?
True
Is 6052063 a composite number?
True
Is 5452781 composite?
False
Is 2045217673 composite?
False
Is 365370839 a prime number?
True
Is 986951891 a composite number?
False
Is 2726855 a composite number?
True
Is 8653053 composite?
True
Is 9595331 composite?
False
Is 601538831 composite?
False
Is 79713247 composite?
False
Is 1305679 composite?
False
Is 12560989 a composite number?
True
Is 1553329 prime?
True
Is 193929847 a prime number?
False
Is 7674091 a prime number?
True
Is 42675851 a composite number?
True
Is 28234079 a prime number?
True
Is 2920501 a prime number?
True
Is 8404273 prime?
False
Is 11883511 a composite number?
True
Is 508171 a comp